t is -101 + 3?
-76
In base 10, what is -5 - -127?
122
In base 11, what is 19 - -79?
97
In base 8, what is -46 + -1021?
-1067
In base 13, what is -2 + 1c?
1a
In base 6, what is -3 + -352?
-355
In base 15, what is 2c - 9?
23
In base 6, what is -32 + -14?
-50
In base 16, what is 5 - 1ac9?
-1ac4
In base 2, what is -1 + -101010111010?
-101010111011
In base 15, what is 4 - 14?
-10
In base 11, what is -226 - -3?
-223
In base 5, what is 301 + 11?
312
In base 5, what is 104 + 410?
1014
In base 3, what is -1102010 - 11?
-1102021
In base 15, what is -1 - -40?
3e
In base 3, what is -2010 - -20?
-1220
In base 16, what is 4df - 0?
4df
In base 12, what is 11 - -13?
24
In base 6, what is 35 - 1?
34
In base 4, what is 3 - -211?
220
In base 7, what is 40 + 11?
51
In base 13, what is 0 + -86?
-86
In base 9, what is -6062 - 3?
-6065
In base 9, what is 22 - -54?
76
In base 5, what is -121 - 20?
-141
In base 9, what is -3 - -466?
463
In base 5, what is 10 - 23321?
-23311
In base 13, what is 116 + 1?
117
In base 4, what is 2 + -22000?
-21332
In base 7, what is 1 - -150?
151
In base 8, what is 0 - 277?
-277
In base 7, what is -3235 + 3?
-3232
In base 6, what is 1 + 1412?
1413
In base 10, what is -17 - -74?
57
In base 12, what is 105 - 1?
104
In base 13, what is -cb44 - 1?
-cb45
In base 5, what is 41413 - 1?
41412
In base 6, what is 1050 + 4?
1054
In base 2, what is -111000110 - 100?
-111001010
In base 6, what is 34 + 5?
43
In base 2, what is -100 - -11011110101?
11011110001
In base 14, what is 45d6 + -3?
45d3
In base 10, what is -15 - -147?
132
In base 16, what is -e9 + -40?
-129
In base 8, what is -4 - 40?
-44
In base 14, what is -c + 3a?
2c
In base 10, what is 56 - 1?
55
In base 6, what is -5 + -141?
-150
In base 10, what is 1861 + -5?
1856
In base 11, what is -2a82 - -1?
-2a81
In base 3, what is -2 - 110?
-112
In base 10, what is -6 - 11?
-17
In base 2, what is -100 - 11010?
-11110
In base 7, what is 1146 + -5?
1141
In base 4, what is -112001 - 10?
-112011
In base 6, what is 243 - 1?
242
In base 11, what is 5 - 724?
-71a
In base 15, what is 1 + -204?
-203
In base 8, what is 5 + 15?
22
In base 16, what is -5 - -6de?
6d9
In base 8, what is -7 - -723?
714
In base 14, what is 2c + -6a?
-3c
In base 7, what is 21 - 216?
-165
In base 10, what is 1351 - 6?
1345
In base 6, what is -5 - 310?
-315
In base 6, what is 2423 - 1?
2422
In base 14, what is 11 - 7?
8
In base 15, what is 4 + 6?
a
In base 2, what is -101111 - 111?
-110110
In base 16, what is -33 - -37?
4
In base 13, what is 5 - -1c5?
1ca
In base 2, what is 1101000 - -11?
1101011
In base 9, what is 488 + 5?
504
In base 10, what is 287 - 5?
282
In base 15, what is 48 + -1c?
2b
In base 4, what is -1 - 101111?
-101112
In base 6, what is -321 + -1?
-322
In base 4, what is 1 - -31010?
31011
In base 7, what is 12 + -313?
-301
In base 16, what is -11 + 2?
-f
In base 11, what is 3 + -119?
-116
In base 16, what is -a30 + -1?
-a31
In base 8, what is -100 - -5?
-73
In base 8, what is 37 + -50?
-11
In base 11, what is 12a4 - 5?
129a
In base 6, what is -22 + -1303?
-1325
In base 6, what is -2154 + 3?
-2151
In base 9, what is -6 + 8?
2
In base 5, what is -34 + -3?
-42
In base 8, what is -5 + 54?
47
In base 14, what is -a42 + -6?
-a48
In base 9, what is 5 + -40?
-34
In base 3, what is 11 + -2211001?
-2210220
In base 15, what is 4790 - 0?
4790
In base 15, what is -30b - 1?
-30c
In base 4, what is 221332 + -3?
221323
In base 2, what is 10011 + -11100010?
-11001111
In base 12, what is 8 - 2?
6
In base 8, what is -12 + -226?
-240
In base 14, what is -2d49 + 4?
-2d45
In base 6, what is -5015 + -4?
-5023
In base 5, what is 220 - -24?
244
In base 9, what is -24 - -12?
-12
In base 4, what is -323000 + 11?
-322323
In base 14, what is -12 - d?
-21
In base 15, what is -1 - -45?
44
In base 3, what is -1102 - 101?
-1210
In base 6, what is 35334 + -5?
35325
In base 14, what is 10 - a1?
-91
In base 13, what is 959 - -4?
960
In base 15, what is 11b + 7?
123
In base 8, what is 0 + -5703?
-5703
In base 4, what is 10 - -232?
302
In base 6, what is 1554 + -3?
1551
In base 10, what is -17 - 267?
-284
In base 2, what is -100 - 100101001?
-100101101
In base 6, what is 1 + -1?
0
In base 16, what is -3 - -e2?
df
In base 9, what is 4 - 40?
-35
In base 3, what is 1 - -110111?
110112
In base 5, what is -21243 + -10?
-21303
In base 14, what is -11 + -2?
-13
In base 8, what is 2315 + -3?
2312
In base 9, what is 5 + 300?
305
In base 6, what is -43 - -1215?
1132
In base 6, what is 233 - 44?
145
In base 6, what is 552 - 33?
515
In base 15, what is b - 15?
-9
In base 11, what is 27 + -8?
1a
In base 2, what is 111000100 - -11?
111000111
In base 15, what is 0 + 3d1?
3d1
In base 16, what is -2f - -4?
-2b
In base 14, what is 40b - 1?
40a
In base 2, what is -1 - 11000?
-11001
In base 10, what is -232 - 3?
-235
In base 10, what is 5 - -349?
354
In base 8, what is 257 + 5?
264
In base 5, what is -10 + 122?
112
In base 10, what is 319 + 6?
325
In base 10, what is 0 - 2255?
-2255
In base 13, what is 146 - 5?
141
In base 8, what is 13 + 10?
23
In base 13, what is 4 - 255?
-251
In base 11, what is -a12 + -7?
-a19
In base 10, what is -3 + -62?
-65
In base 2, what is 100 + 1111?
10011
In base 14, what is 0 + 192a?
192a
In base 4, what is -12 + 20?
2
In base 10, what is 24 + 12?
36
In base 2, what is 1110 + -100100011101?
-100100001111
In base 11, what is -56 + -88?
-133
In base 10, what is -26 - -3?
-23
In base 6, what is -140 - 12?
-152
In base 4, what is -110121 - -11?
-110110
In base 4, what is -21221 - 200?
-22021
In base 13, what is -33 - -21?
-12
In base 14, what is 3d7 + 0?
3d7
In base 3, what is -1 + 220?
212
In base 12, what is -113b + -1?
-1140
In base 5, what is -33002 + -1?
-33003
In base 16, what is 6 - -11?
17
In base 4, what is 1132 + -2023?
-231
In base 13, what is -3c + 4?
-38
In base 14, what is -5c - -7?
-55
In base 2, what is 100 + -1010010110?
-1010010010
In base 15, what is 35 - 0?
35
In base 12, what is -1 - -13ab?
13aa
In base 6, what is -13 - 35?
-52
In base 5, what is 244014 - -10?
244024
In base 12, what is -b + 27?
18
In base 4, what is -202222 - -3?
-202213
In base 10, what is 1324 + 22?
1346
In base 7, what is -1051 + -1?
-1052
In base 15, what is 82 - -1?
83
In base 7, what is -31 + 13?
-15
In base 3, what is 12212101 + -11?
12212020
In base 12, what is 2 - -170?
172
In base 2, what is 1001 + -10011101001?
-10011100000
In base 10, what is 1 - -32?
33
In base 16, what is 0 - -faf?
faf
In base 8, what is 21 + 14?
35
In base 8, what is -5 + -1033?
-1040
In base 9, what is 207 + 2?
210
In base 9, what is -76 - -8?
-67
In base 8, what is 1100 - 6?
1072
In base 16, what is 3c4 + 3?
3c7
In base 2, what is -11001 - 100000?
-111001
In base 9, what is 4 + -55?
-51
In base 12, what is 272 + 3?
275
In base 10, what is -27 + -42?
-69
In base 3, what is -1 + 10002?
10001
In base 14, what is -5 - 895?
-89a
In base 7, what is 11 - 31?
-20
In base 14, what is -a68 + 2?
-a66
In base 13, what is 140 - -6?
146
In base 6, what is 4412 - -4?
4420
In base 6, what is -1221 + 23?
-1154
In base 16, what is 273 - 4?
26f
In base 7, what is -26 - 0?
-26
In base 14, what is 3c + -1a?
22
In base 4, what is -3 + -102310?
-102313
In base 4, what is -12300001 - 1?
-12300002
In base 5, what is 23 - 10?
13
In base 5, what is 211 + -1?
210
In base 15, what is -381 + -4?
-385
In base 15, what is 10dd + 5?
10e3
In base 11, what is 278 - -1?
279
In base 3, what is 10 - 21120101?
-21120021
In base 5, what is 0 + -140?
-140
In base 8, what is 10 + 4?
14
In base 13, what is -5 + 371?
369
In base 10, what is -6269 - 1?
-6270
In base 6, what is 0 - -2?
2
In base 8, what is -730 + 0?
-730
In base 5, what is 1011403 + 10?
1011413
In base 7, what is -46 - 0?
-46
In base 2, what is 10110011 - -1111?
11000010
In base 4, what is -11 - 12313?
-12330
In base 2, what is -110101110 + -1?
-110101111
In base 15, what is -289 - -e?
-27a
In base 15, what is 19 + 1?
1a
In base 11, what is 19 + -3?
16
In base 2, what is 1000000011110 + 100?
1000000100010
In base 16, what is -eb - 0?
-eb
In base 11, what is -103 - 0?
-103
In base 15, what is -5 + -186?
-18b
In base 7, what is -5 + 1036?
1031
In base 6, what is 113413 - 1?
113412
In base 9, what is 5 - -2740?
2745
In base 12, what is -b3a + -2?
-b40
In ba